*2 + 43. Determine w(23).
43
Let w(r) = 3*r**3 + 52*r**2 + 10*r - 123. Determine w(-17).
-4
Let t(s) = -849*s - 6818. Determine t(-8).
-26
Let b(q) = -2*q**2 + 55*q + 306. Determine b(-5).
-19
Let f(n) = -37*n**2 + 2*n - 1. Determine f(1).
-36
Let l(i) = -10*i + 112. Give l(6).
52
Let w(g) = 11*g + 22. Calculate w(2).
44
Let b(s) = -s**2 - 146*s + 5492. Determine b(31).
5
Let k(q) = -q**3 - 7*q**2 - 2*q + 38. Give k(-3).
8
Let u(c) = c**2 - 56*c + 1081. Determine u(38).
397
Let g(r) = 7*r**3 - 29*r**2 - 11*r + 53. Calculate g(4).
-7
Let m(j) = 52*j**3 + j**2 - 57*j + 55. What is m(1)?
51
Let x(n) = 34*n**2 + 988*n + 53. What is x(-29)?
-5
Let m(v) = -v**2 - 95*v - 1325. Give m(-17).
1
Let x(s) = 8*s**2 - 136*s + 24. Determine x(17).
24
Let j(z) = -2*z**2 - z + 11. Give j(7).
-94
Let o(l) = -21*l**2 - 139*l - 3. Determine o(-7).
-59
Let f(q) = 8*q - 269. Give f(33).
-5
Let m(y) = -y**2 - 230*y + 2214. Determine m(9).
63
Let x(k) = -k**2 - 53*k + 382. What is x(-59)?
28
Let c(k) = k**3 + 10*k**2 + 24*k + 236. Determine c(-10).
-4
Let w(t) = 10*t**2 + 198*t + 1321. Determine w(-7).
425
Let w(i) = -44*i**2 - 13*i + 32. Give w(3).
-403
Let x(a) = 2*a**3 + 29*a**2 + 6*a + 338. Calculate x(-15).
23
Let p(h) = -2*h**2 - 90*h + 178. Give p(2).
-10
Let n(x) = -182*x - 1971. Calculate n(-10).
-151
Let f(l) = -2*l**2 - 70*l + 2380. Determine f(-56).
28
Let t(a) = a**3 - 2*a**2 + 432*a + 1285. Give t(-3).
-56
Let v(b) = -30*b + 72. Give v(7).
-138
Let h(z) = -724*z + 1519. What is h(2)?
71
Let q(s) = -2*s**3 + 3*s**2 + 9029*s - 18058. Give q(2).
-4
Let k(n) = -n**2 + 516*n - 32717. What is k(442)?
-9
Let v(h) = 10988*h + 43955. Calculate v(-4).
3
Let g(y) = 2*y**3 - 185*y**2 - 283*y + 93. What is g(94)?
-1
Let w(u) = 8*u**3 + 4*u**2 - 23*u + 63. Give w(3).
246
Let i(a) = a**2 - 193*a - 2643. What is i(-13)?
35
Let o(k) = -3*k**3 + 31*k**2 + 17*k + 19. What is o(11)?
-36
Let k(i) = 1102*i - 12124. What is k(11)?
-2
Let k(p) = 119*p - 1508. What is k(13)?
39
Let h(x) = 16*x + 1205. Give h(-73).
37
Let g(f) = 38*f + 177. What is g(-5)?
-13
Let t(z) = 58*z + 452. What is t(-9)?
-70
Let s(z) = -z**3 + 119*z**2 - 568*z - 143. Determine s(114).
85
Let r(h) = 4*h**3 - 219*h**2 - 162*h + 5885. What is r(55)?
0
Let d(t) = t**3 + 72*t**2 - 190*t + 75. Calculate d(2).
-9
Let w(b) = -6*b**2 + 82*b - 121. What is w(13)?
-69
Let p(r) = -9*r + 97. What is p(8)?
25
Let n(s) = 574*s - 2856. Give n(5).
14
Let k(s) = -32*s + 2458. Determine k(77).
-6
Let g(i) = i**3 - 92*i**2 - 189*i + 127. What is g(94)?
33
Let t(q) = -2*q**2 - 32*q + 1. Give t(-13).
79
Let g(q) = 2*q + 233. Determine g(13).
259
Let t(c) = -80*c - 8568. Calculate t(-107).
-8
Let r(y) = -165*y**2 - 990*y + 4. Calculate r(-6).
4
Let s(m) = -m**3 + 19*m**2 + 32*m - 419. What is s(20)?
-179
Let s(r) = -r**2 + r + 91. Give s(-11).
-41
Let n(v) = 25*v - 515. Give n(24).
85
Let j(o) = o**2 - 48*o + 503. Give j(32).
-9
Let y(j) = -50*j - 1296. What is y(-26)?
4
Let o(t) = -282*t + 564. What is o(2)?
0
Let g(y) = 59*y + 1790. Give g(-30).
20
Let m(p) = -1263*p + 26517. Calculate m(21).
-6
Let l(n) = -2*n**3 - 4*n**2 + 5. What is l(4)?
-187
Let m(n) = 2*n**2 - 1339*n - 4039. Calculate m(-3).
-4
Let j(z) = 2*z**2 - 9*z - 17. Determine j(-7).
144
Let u(m) = 2*m**3 - 80*m**2 - 163*m - 227. What is u(42)?
-17
Let t(i) = 3*i**2 - 127*i - 82. Calculate t(43).
4
Let k(a) = -3*a**2 + 73*a - 368. What is k(7)?
-4
Let x(h) = -h**3 + 6*h**2 + 81*h - 473. Determine x(6).
13
Let z(o) = -80*o**2 + 327*o - 8. Determine z(4).
20
Let u(b) = 61*b - 64. Determine u(3).
119
Let m(k) = -k**2 + 15*k + 6. What is m(8)?
62
Let k(v) = -3*v + 174. Calculate k(29).
87
Let b(p) = p - 15. Calculate b(28).
13
Let w(q) = -2*q**3 + 16*q**2 - 32*q + 454. Determine w(9).
4
Let p(n) = 22*n - 91. Calculate p(8).
85
Let v(p) = p**2 + 77*p - 82. Calculate v(0).
-82
Let h(b) = b**2 + 6*b + 3. Calculate h(3).
30
Let d(x) = 122*x - 1582. What is d(13)?
4
Let g(w) = 4*w + 199. Calculate g(-23).
107
Let x(w) = 19*w + 103. Calculate x(-8).
-49
Let b(a) = a**3 + 27*a**2 - 396*a + 843. What is b(-38)?
7
Let k(c) = -10*c - 15. Give k(8).
-95
Let o(j) = 264*j - 1432. Determine o(6).
152
Let t(f) = f**3 + 79*f**2 - 166*f - 332. Give t(-81).
-8
Let w(c) = -c**3 + 4*c - 9. Determine w(2).
-9
Let c(i) = i**3 + 3*i**2 - 8. Determine c(-4).
-24
Let u(o) = -230*o - 982. What is u(-5)?
168
Let f(v) = 33*v + 1512. What is f(-45)?
27
Let q(c) = -435*c - 7812. Calculate q(-18).
18
Let m(a) = 4*a**2 - 82*a - 1449. Give m(32).
23
Let h(z) = 2*z**3 + 68*z**2 - 5*z + 36. Calculate h(-34).
206
Let p(t) = 1033*t**3 - 168*t - 169. What is p(-1)?
-1034
Let v(c) = -c**2 + 7*c + 142. Give v(-10).
-28
Let t(f) = 82*f + 12914. Give t(-157).
40
Let u(l) = 5*l**2 - 19*l + 32. What is u(6)?
98
Let r(l) = -l**2 + 15*l - 85. Determine r(8).
-29
Let k(p) = -6751*p - 20246. Give k(-3).
7
Let z(r) = -4*r**2 - 20*r + 11. Determine z(-9).
-133
Let h(l) = -57*l + 1670. Determine h(30).
-40
Let p(h) = -12*h**2 - 76*h + 828. Give p(10).
-1132
Let m(c) = 134*c - 184. Calculate m(1).
-50
Let c(b) = b**2 + 59*b + 826. What is c(-36)?
-2
Let l(g) = -122*g - 2976. Calculate l(-24).
-48
Let f(t) = -t**2 - 42*t - 253. Calculate f(-23).
184
Let c(x) = x**2 - 90*x + 585. Determine c(83).
4
Let k(a) = -a**3 - 81*a**2 - 4*a - 447. Calculate k(-81).
-123
Let j(c) = -2*c**2 + 18*c - 14. Determine j(9).
-14
Let m(a) = -8*a**3 - 4*a**2 - 122*a - 239. Determine m(-2).
53
Let k(f) = f**2 - 18*f + 61. Give k(9).
-20
Let f(n) = 2*n**2 - 368*n - 3887. Calculate f(-10).
-7
Let n(j) = -456*j + 3635. What is n(8)?
-13
Let v(m) = -m**2 - 23*m + 120. Calculate v(-27).
12
Let q(c) = c**3 - 69*c**2 - 143*c + 41. Give q(71).
-30
Let f(d) = -d**3 - 20*d**2 - 58*d - 7. Calculate f(-12).
-463
Let d(a) = -7*a**2 - 107*a - 100. What is d(-1)?
0
Let n(b) = -863*b + 384030. Calculate n(445).
-5
Let n(x) = -2*x**3 - 10*x**2 - 2*x + 9. Calculate n(-5).
19
Let h(y) = -4640*y - 69599. Calculate h(-15).
1
Let y(g) = 211*g + 18629. Calculate y(-88).
61
Let s(t) = -405*t - 7689. What is s(-19)?
6
Let s(p) = 10*p**2 + 1401*p + 135. Determine s(-140).
-5
Let u(t) = -4*t**2 + 46. Calculate u(5).
-54
Let f(p) = 2127*p - 63796. Give f(30).
14
Let b(f) = f**3 - 96*f**2 - f + 45. Calculate b(96).
-51
Let c(l) = 11*l - 312. Calculate c(35).
73
Let k(a) = -17*a**3 - 6*a**2 - 4*a + 7. Determine k(-2).
127
Let g(v) = -v**3 + 5*v**2 + 38*v + 88. What is g(10)?
-32
Let b(z) = z**3 + 34*z**2 + 180*z + 3718. Determine b(-32).
6
Let a(w) = w**3 - 11*w**2 + 11*w + 2. Calculate a(10).
12
Let g(m) = m**3 - m**2 - 70*m - 19. What is g(9)?
-1
Let r(b) = -b**3 + 6*b**2 - 9*b + 16. Calculate r(5).
-4
Let r(b) = b**2 - 69*b - 5573. Calculate r(116).
-121
Let a(w) = -4*w**2 + 146*w - 1332. Determine a(18).
0
Let f(c) = -3*c**2 - 4*c - 3. Determine f(-5).
-58
Let y(q) = -6*q + 116. Give y(22).
-16
Let y(c) = -7*c - 162. Determine y(-16).
-50
Let m(t) = 41*t + 3852. What is m(-95)?
-43
Let s(k) = k**3 - 39*k**2 + 180*k - 14. What is s(5)?
36
Let v(b) = -b**3 + 4*b**2 + 61*b - 294. What is v(6)?
0
Let u(s) = -61*s**2 + 6*s - 1. Give u(0).
-1
Let b(y) = -y**3 + 8*y**2 - 88*y + 848. What is b(10)?
-232
Let f(p) = 4*p**3 - p**2 + 2*p + 36. Determine f(0).
36
Let d(q) = 8*q**2 + 95*q - 15. Calculate d(-12).
-3
Let l(g) = g**3 + 41*g**2 - 115*g - 3057. Give l(-42).
9
Let l(o) = o**3 + 7*o**2 - 2*o - 1. What is l(-8)?
-49
Let f(d) = 3313*d - 26508. Give f(8).
-4
Let d(k) = k**2 + 225*k + 1081. Calculate d(-5).
-19
Let o(r) = -37*r + 91. Determine o(4).
-57
Let k(i) = 86*i + 112. Calculate k(-2).
-60
Let l(r) = -14*r**2 + 20*r + 20. What is l(-1)?
-14
Let q(h) = -h**3 + 16*h**2 + 84*h - 35. Determine q(20).
45
Let y(f) = -16*f - 44. Determine y(-1).
-28
Let q(p) = 56*p + 29. What is q(6)?
365
Let r(n) = n**3 + 71*n**2 + 265*n - 211. Determine r(-67).
-10
Let s(d) = d**3 - 24*d**2 + 29*d - 36. Calculate s(23).
102
Let m(v) = v**2 - 9*v - 35. Give m(15).
55
Let r(k) = 39*k + 2694. What is r(-71)?
-75
Let c(o) = o**3 - 36*o**2 + 69*o + 120. Calculate c(34).
154
Let g(o) = o**2 - 105*o - 4024. Determine g(-30).
26
Let h(d) = -59*d**2 + 1179*d + 19. Calculate h(20).
-1
Let t(b) = -b**3 + b**2 + 60*b - 28. Calculate t(8).
4
Let y(m) = 548*m - 9. Calculate y(0).
-9
Let k(q) = -